ive of -a**3/3 - 2*a**2 - 4*a - 3. Let s be l(-2). Suppose s = -7*j + 2*j + 515. Is j composite?
False
Let z(d) = -361*d - 752. Is z(-79) composite?
False
Suppose -l + 0*l + 7 = 0. Suppose -13*b + 18 = -l*b. Suppose -12*t + b*t = -1179. Is t a prime number?
True
Let v(k) = 1006*k + 303. Is v(4) composite?
False
Let q(p) = p**3 - p**2 - 6*p + 23. Let o = 210 + -197. Is q(o) composite?
False
Suppose -4*a = -18*u + 15*u - 2412380, 5*a + 4*u = 3015475. Is a prime?
False
Suppose -15 = -5*k, -137613 = -p + 2*k - 39416. Is p composite?
True
Is (1 + 7842198/24)/((-21)/(-28)) a composite number?
False
Is ((-412422)/12)/(-1 - ((-4)/8 + 0)) composite?
False
Suppose 0 = 3*n - 18, -297887 = 9*o - 14*o + 3*n. Is o composite?
False
Suppose 9*z = b + 10*z + 1, 0 = -b + 3*z + 15. Let l(v) = -v**3 + 5*v**2 + 4*v + 8. Let m be l(6). Is 1869 + m + (1 - (b - 4)) prime?
True
Suppose 0 = -32*k + 12*k - 3058440. Is k/(-28) - (1/(-2) + 1) composite?
True
Suppose 13864133 - 15082193 = -60*w + 49511280. Is w composite?
False
Let g be 1 + 99813/(-14)*-2. Let y = -6777 + g. Is y prime?
False
Suppose -y + 47 - 48 = 0. Let g be (y/1)/((-2)/14). Let d(w) = 5*w**3 - 8*w**2 + 2*w + 24. Is d(g) a composite number?
False
Is 103761/14 - 11/22 a composite number?
False
Suppose -5*y + 63156 = -b + 417947, 2*b = -y + 709560. Is b a composite number?
True
Let x(m) = 875*m**2 - 29*m - 59. Is x(-5) prime?
True
Let t be -7 + 7 - (-6)/9*3. Suppose -5*x + 9*x - 2492 = 2*y, 2*x - t*y - 1246 = 0. Is x a prime number?
False
Let w(z) = 0 + 124*z**2 + 7 - 65*z - 74*z + 144*z. Is w(-6) composite?
False
Let q = -2531 - -7104. Is q composite?
True
Suppose -2*d - 7734 = -12735 - 22451. Is d composite?
True
Is (((-304)/57)/(-16))/((-1)/(-953454)) a prime number?
False
Suppose 2*z = k + 224371, z - 47451 = -4*k + 64748. Is z composite?
True
Suppose -s - 4*r = 4, -5*s - 14*r + 9*r - 5 = 0. Suppose -3*y + 12 = s, 0 = 8*q - 3*q - 5*y - 2915. Is q a composite number?
False
Suppose 2*i = -3*o + 2, -4*i + 10 = -8*i + o. Let l be (-1)/(5/i + 2). Suppose 5*v - 163 = -4*w, 5*v + 213 = 2*w + l*w. Is w a prime number?
True
Suppose 0 = -0*h - 3*h + 903. Suppose 10*q - h = 1099. Let i = q + -61. Is i prime?
True
Let h(u) be the third derivative of 3*u**6/80 + u**5/60 + 7*u**4/12 - 9*u**2. Let k(b) be the second derivative of h(b). Is k(3) prime?
True
Let o = 23853 + -12879. Suppose -o = -5*k + 140471. Is k prime?
False
Suppose 7*y = y + 6. Let x be y + (4 - 2) + -24. Is 4 + ((-14421)/x - (-2)/7) a composite number?
False
Suppose -59*z = -187*z + 7627904. Is z a composite number?
True
Let f(h) = 0 + 11 - 2 + 4*h. Let k be f(-5). Let q = k - -57. Is q prime?
False
Suppose 63*z - 64*z = -3. Suppose z*g - 557 = -2*s, 17*g + 3*s = 21*g - 737. Is g a composite number?
True
Suppose -8320 = -5*h + 5*k, -k + 1680 = h + 20. Let l = -745 + h. Is l a composite number?
True
Let w(d) = -103*d + 3 - 2 - 3 - 22*d. Is w(-3) composite?
False
Suppose 176*a - 26081 - 702954 = -82939. Is a prime?
True
Let s(z) = -11*z + 17. Let p be s(7). Suppose -781 = -3*i + 44. Let y = i + p. Is y a prime number?
False
Suppose 0 = 1278*x - 1245*x - 1355937. Is x prime?
False
Let o be 551827/94 - ((-2)/4)/1. Suppose 0 = 3*l - 4*l. Suppose l = 5*s + 17 + 3, 5*i - 4*s = o. Is i composite?
False
Let g be (-99)/(-10) - (-17)/170. Suppose g*d = 19 - 49. Is ((4 - -1)/(-5))/(d/2739) a prime number?
False
Suppose 0 = 16*b - 31 - 49. Is (-5 + b)/7 + 4281 composite?
True
Let u = -474 - -466. Is 8201 + (0/(-3) - u) a composite number?
False
Let b be -4 + ((-4)/22 - (-303)/33). Suppose 3*z - 2*z - 5 = -2*s, 0 = 5*z - b*s - 100. Is 409*z + (-7 - -2 - -1) prime?
True
Let b(d) = 9*d**2 - 8*d - 66. Let j = -366 - -353. Is b(j) a composite number?
False
Let m(u) = -11*u - 21. Let q be m(-4). Suppose 0 = q*i - 13*i - 42710. Is i prime?
True
Let l = -6387 + 3897. Let c = 7823 + l. Is c prime?
True
Suppose 4*z - 130443 = -3*y, -5*y - 2*z + 40385 = -177020. Is y a composite number?
False
Let l(f) = 13671*f + 3281. Is l(20) a composite number?
True
Suppose 23*b + 51458 + 1442 = 0. Let s = 5517 - b. Is s composite?
False
Let p = 23 - 32. Let c be 0 + (-6)/p*-6. Is c/(-20) - 33312/(-15) a prime number?
True
Suppose -471 = -8*n - 447. Is (-1)/n*(16 + (-14079)/3) composite?
False
Suppose 27*p - 40488159 - 6362376 = 0. Is p a prime number?
False
Suppose -4*j = -3*y - 53, -5*y - 1 - 14 = 0. Is 2 - 0 - (-1133 - j - 5) a composite number?
False
Let r(k) = k**2 - 9*k + 25. Suppose 40 - 1 = 3*x. Is r(x) prime?
False
Suppose 0 = -3*m + 2*h, -m - m - 2*h = 10. Is m/4*(-18924 - 14) a prime number?
False
Suppose 486*k - 4859252 - 6958434 + 1491644 = 0. Is k prime?
True
Let h be (13/(-39))/((-1 - 0)/24). Is (778*1/h)/(1/4) a composite number?
False
Suppose -7*l = -3*l - 80. Suppose -3*m + p + 41 = -9, 4*m + 3*p - 84 = 0. Suppose l*w = m*w + 838. Is w a prime number?
True
Let z be ((-310)/3)/(2/102). Let i(s) = -21*s + 3. Let l be i(1). Is z/l - (-6)/27 a composite number?
False
Let x(h) = h**3 + 13*h**2 + 17*h + 5. Let z be x(-12). Let c = z - -46. Is 2410*(c/(-15) - 1/10) a composite number?
True
Suppose -11*i = -16*i + 8085. Suppose m + i = 4*m. Suppose -5*f = -v + m - 207, -5*v + 1570 = 5*f. Is v prime?
True
Let w(k) = -k**2 - 25*k - 5. Let u(d) = -12*d - 2. Let t(o) = 5*u(o) - 2*w(o). Let s be t(5). Suppose s = 3*a - 5*a + 1990. Is a a composite number?
True
Let c be 207/12 - ((-18)/(-8) + -2). Let o(u) = -3 + u + 6*u - 4*u**2 - 13*u + c*u**3. Is o(4) composite?
False
Let z = 10222 - -52981. Is z prime?
False
Let j(s) = 655*s**2 - 5*s + 5. Let d be (-4)/((-50)/15 + 2). Suppose 4*q = 4*v + 6 - 18, -v + d*q + 5 = 0. Is j(v) a composite number?
True
Let p(j) = -j**3 - 4*j**2 + 2*j + 12. Let c be p(-4). Suppose -4*h - c = 4*y - 76, 5*y - h - 84 = 0. Suppose 20*w - y*w - 1905 = 0. Is w a prime number?
False
Let z(x) = 48*x**3 - 16*x - 3. Let r be z(6). Suppose 19*g - r = 10*g. Is g a prime number?
False
Let f = 1114 - -26596. Suppose -2*l + g = -11077, 5*l + 18*g - 17*g - f = 0. Is l prime?
False
Let u = 1189 + -1186. Suppose 0 = 3*y - 0*y - 3534. Suppose -u*w = -w - y. Is w prime?
False
Suppose -3*b - 24*g = -29*g - 10901, 0 = 4*b - 3*g - 14542. Is b a composite number?
False
Suppose -5*y - 2*q + 21 = -q, 5*y - 2*q = 18. Suppose -14 - 42 = -y*c. Suppose c*u - 2*u - 4764 = 0. Is u a composite number?
False
Suppose -2*i = -g - 9, -5*g - 93 = i + i. Let c(w) = -328*w + 3. Is c(g) a prime number?
False
Suppose -7*n + 102 = 60. Suppose n*c - 32*c = -173602. Is c a composite number?
True
Is (162/21)/((-155159)/155162 + 1) + -1 a prime number?
False
Suppose 273905 = 5*p + t, -4*t = -4*p + 125708 + 93416. Is p composite?
True
Let q be (-15347)/(1 - 0)*-1. Let n = q + 6438. Is n a composite number?
True
Let h = -579 - -586. Suppose h*q - 37313 = -3*r + 3*q, -5*r - 2*q + 62193 = 0. Is r prime?
False
Suppose 45157881 + 26366001 = 377*v - 4253872. Is v composite?
True
Let w be (-93)/6 - (-1)/2. Let l(i) = i**3 - 10*i**2 + 35*i - 2. Let k be l(5). Is k/20 + -2 + (-29679)/w prime?
True
Suppose 15*s + 102*s + 20763 = 1322505. Is s composite?
True
Let l(y) = -29*y**2 + 26*y - 201. Let r be l(8). Let i = r + 4044. Is i composite?
True
Let u be (2/(-6))/((-3)/27). Suppose l - t = 3*t + 2, u*l - t - 28 = 0. Suppose l*h = 475 + 315. Is h a prime number?
True
Let p(a) = 64140*a**3 - a**2 - 10*a + 26. Is p(2) prime?
False
Suppose 0 = -41*q - 16*q - 3*q + 283260. Is q a prime number?
True
Let j(k) = 1775*k**2 + 13*k - 93. Is j(5) composite?
True
Let n(v) = -3728*v - 26. Let z be n(9). Let g = -20623 - z. Is g composite?
True
Suppose -2*c + 2 = 12. Let y(s) = 6*s**2 + 11*s + 48. Is y(c) composite?
True
Suppose -9*i + 8*i - 8760 = 0. Is (-13 - -10) + i/(-2) a composite number?
True
Suppose 0*h = 3*h + 3, h = -q + 1269. Is ((-20)/50)/((-2)/q) a prime number?
False
Suppose 2*r - 150552 = 5*j, -46*r + 2*j - 75267 = -47*r. Is r prime?
False
Let v(x) = 176*x**2 - 21*x + 96. Let k be 14/91 - ((-50)/13 - 1). Is v(k) a composite number?
False
Let c(t) = -331*t**3 - t**2 + 28*t + 15. Is c(-7) composite?
True
Suppose -43*w + 4067589 = 20*w - 336048. Is w a composite number?
False
Let k be 18 + -11 - (1 - 1). Let c(p) = 6*p**2 + 9*p - 2. Let h be c(k). Let u = 1028 - h. Is u prime?
True
Let a(v) = -69160*v - 14. L